{"id":141,"date":"2017-08-02T13:24:07","date_gmt":"2017-08-02T13:24:07","guid":{"rendered":"http:\/\/rotary-reimsgrandjeu.org\/?page_id=141"},"modified":"2018-02-20T00:45:26","modified_gmt":"2018-02-19T22:45:26","slug":"nos-actions","status":"publish","type":"page","link":"http:\/\/rotary-reimsgrandjeu.org\/?page_id=141","title":{"rendered":"Nos Actions"},"content":{"rendered":"<h2 style=\"text-align: center;\">Quelques actions conduites par le Rotary Club Reims Grand Jeu<\/h2>\n<ul>\n<li style=\"text-align: justify;\">L\u2019art \u00e0 l\u2019h\u00f4pital : vente aux ench\u00e8res, \u00e0&nbsp;destination des enfants hospitalis\u00e9s \u00e0 Reims,&nbsp;d\u2019\u0153uvres r\u00e9alis\u00e9es par des artistes s\u00e9lectionn\u00e9s, \u00e0 partir de bo\u00eetes en bois pour magnum de champagne,<\/li>\n<li style=\"text-align: justify;\">Vente aux ench\u00e8res de compressions r\u00e9alis\u00e9es \u00e0 partir de capsules et muselets de champagne au profit des r\u00e9gates r\u00e9moises section handisport (financement d\u2019un bateau), des \u00e9l\u00e8ves de l\u2019ESAD et de l\u2019association 123 Xtra,<\/li>\n<li style=\"text-align: justify;\">Vente aux ench\u00e8res de maillots de sportifs \u00e0 destination de la Maraude citoyenne r\u00e9moise,<\/li>\n<li style=\"text-align: justify;\">Cocktail caritatif en faveur de l\u2019association le Regard du Miroir, accompagnant les personnes pr\u00e9sentant des troubles du comportement alimentaire,<\/li>\n<li style=\"text-align: justify;\">Concerts afin de contribuer \u00e0 l\u2019\u00e9radication de la polio,<\/li>\n<li>Conf\u00e9rence sur la Paix,<\/li>\n<li style=\"text-align: justify;\">Envoi de containers en C\u00f4te d\u2019Ivoire en soutien \u00e0 l\u2019association Savoir Ivoire, d\u2019un container de mat\u00e9riel m\u00e9dical au Gabon,<\/li>\n<li style=\"text-align: justify;\">Participation \u00e0 des entretiens de pr\u00e9paration aux oraux de concours d\u2019entr\u00e9e dans les grandes \u00e9coles.<\/li>\n<\/ul>\n<p><img decoding=\"async\" loading=\"lazy\" class=\"size-medium wp-image-70 aligncenter\" src=\"http:\/\/rotary-reimsgrandjeu.org\/wp-content\/uploads\/2017\/07\/oeuvre_1962_photo-amelie-chantraine-esad-de-reims-300x200.jpg\" alt=\"\" width=\"300\" height=\"200\" srcset=\"http:\/\/rotary-reimsgrandjeu.org\/wp-content\/uploads\/2017\/07\/oeuvre_1962_photo-amelie-chantraine-esad-de-reims-300x200.jpg 300w, http:\/\/rotary-reimsgrandjeu.org\/wp-content\/uploads\/2017\/07\/oeuvre_1962_photo-amelie-chantraine-esad-de-reims-768x513.jpg 768w, http:\/\/rotary-reimsgrandjeu.org\/wp-content\/uploads\/2017\/07\/oeuvre_1962_photo-amelie-chantraine-esad-de-reims-1024x684.jpg 1024w\" sizes=\"(max-width: 300px) 100vw, 300px\" \/><\/p>\n","protected":false},"excerpt":{"rendered":"<p>Quelques actions conduites par le Rotary Club Reims Grand Jeu L\u2019art \u00e0 l\u2019h\u00f4pital : vente aux ench\u00e8res, \u00e0&nbsp;destination des enfants hospitalis\u00e9s \u00e0 Reims,&nbsp;d\u2019\u0153uvres r\u00e9alis\u00e9es par des artistes s\u00e9lectionn\u00e9s, \u00e0 partir de bo\u00eetes en bois pour magnum de champagne, Vente aux &hellip; <a href=\"http:\/\/rotary-reimsgrandjeu.org\/?page_id=141\">Continuer la lecture <span class=\"meta-nav\">&rarr;<\/span><\/a><\/p>\n","protected":false},"author":1,"featured_media":0,"parent":0,"menu_order":0,"comment_status":"closed","ping_status":"closed","template":"","meta":{"ngg_post_thumbnail":0,"footnotes":""},"yoast_head":"<!-- This site is optimized with the Yoast SEO plugin v15.3 - https:\/\/yoast.com\/wordpress\/plugins\/seo\/ -->\n<meta name=\"robots\" content=\"index, follow, max-snippet:-1, max-image-preview:large, max-video-preview:-1\" \/>\n<link rel=\"canonical\" href=\"http:\/\/rotary-reimsgrandjeu.org\/?page_id=141\" \/>\n<meta property=\"og:locale\" content=\"fr_FR\" \/>\n<meta property=\"og:type\" content=\"article\" \/>\n<meta property=\"og:title\" content=\"Nos Actions -\" \/>\n<meta property=\"og:description\" content=\"Quelques actions conduites par le Rotary Club Reims Grand Jeu L\u2019art \u00e0 l\u2019h\u00f4pital : vente aux ench\u00e8res, \u00e0&nbsp;destination des enfants hospitalis\u00e9s \u00e0 Reims,&nbsp;d\u2019\u0153uvres r\u00e9alis\u00e9es par des artistes s\u00e9lectionn\u00e9s, \u00e0 partir de bo\u00eetes en bois pour magnum de champagne, Vente aux &hellip; Continuer la lecture &rarr;\" \/>\n<meta property=\"og:url\" content=\"http:\/\/rotary-reimsgrandjeu.org\/?page_id=141\" \/>\n<meta property=\"article:modified_time\" content=\"2018-02-19T22:45:26+00:00\" \/>\n<meta property=\"og:image\" content=\"http:\/\/rotary-reimsgrandjeu.org\/wp-content\/uploads\/2017\/07\/oeuvre_1962_photo-amelie-chantraine-esad-de-reims-300x200.jpg\" \/>\n<meta name=\"twitter:card\" content=\"summary\" \/>\n<meta name=\"twitter:label1\" content=\"\u00c9crit par\">\n\t<meta name=\"twitter:data1\" content=\"R51JC_-\">\n\t<meta name=\"twitter:label2\" content=\"Dur\u00e9e de lecture est.\">\n\t<meta name=\"twitter:data2\" content=\"1 minute\">\n<script type=\"application\/ld+json\" class=\"yoast-schema-graph\">{\"@context\":\"https:\/\/schema.org\",\"@graph\":[{\"@type\":\"WebSite\",\"@id\":\"http:\/\/rotary-reimsgrandjeu.org\/#website\",\"url\":\"http:\/\/rotary-reimsgrandjeu.org\/\",\"name\":\"\",\"description\":\"\",\"potentialAction\":[{\"@type\":\"SearchAction\",\"target\":\"http:\/\/rotary-reimsgrandjeu.org\/?s={search_term_string}\",\"query-input\":\"required name=search_term_string\"}],\"inLanguage\":\"fr-FR\"},{\"@type\":\"ImageObject\",\"@id\":\"http:\/\/rotary-reimsgrandjeu.org\/?page_id=141#primaryimage\",\"inLanguage\":\"fr-FR\",\"url\":\"http:\/\/rotary-reimsgrandjeu.org\/wp-content\/uploads\/2017\/07\/oeuvre_1962_photo-amelie-chantraine-esad-de-reims.jpg\",\"width\":6016,\"height\":4016},{\"@type\":\"WebPage\",\"@id\":\"http:\/\/rotary-reimsgrandjeu.org\/?page_id=141#webpage\",\"url\":\"http:\/\/rotary-reimsgrandjeu.org\/?page_id=141\",\"name\":\"Nos Actions -\",\"isPartOf\":{\"@id\":\"http:\/\/rotary-reimsgrandjeu.org\/#website\"},\"primaryImageOfPage\":{\"@id\":\"http:\/\/rotary-reimsgrandjeu.org\/?page_id=141#primaryimage\"},\"datePublished\":\"2017-08-02T13:24:07+00:00\",\"dateModified\":\"2018-02-19T22:45:26+00:00\",\"inLanguage\":\"fr-FR\",\"potentialAction\":[{\"@type\":\"ReadAction\",\"target\":[\"http:\/\/rotary-reimsgrandjeu.org\/?page_id=141\"]}]}]}<\/script>\n<!-- \/ Yoast SEO plugin. -->","_links":{"self":[{"href":"http:\/\/rotary-reimsgrandjeu.org\/index.php?rest_route=\/wp\/v2\/pages\/141"}],"collection":[{"href":"http:\/\/rotary-reimsgrandjeu.org\/index.php?rest_route=\/wp\/v2\/pages"}],"about":[{"href":"http:\/\/rotary-reimsgrandjeu.org\/index.php?rest_route=\/wp\/v2\/types\/page"}],"author":[{"embeddable":true,"href":"http:\/\/rotary-reimsgrandjeu.org\/index.php?rest_route=\/wp\/v2\/users\/1"}],"replies":[{"embeddable":true,"href":"http:\/\/rotary-reimsgrandjeu.org\/index.php?rest_route=%2Fwp%2Fv2%2Fcomments&post=141"}],"version-history":[{"count":5,"href":"http:\/\/rotary-reimsgrandjeu.org\/index.php?rest_route=\/wp\/v2\/pages\/141\/revisions"}],"predecessor-version":[{"id":421,"href":"http:\/\/rotary-reimsgrandjeu.org\/index.php?rest_route=\/wp\/v2\/pages\/141\/revisions\/421"}],"wp:attachment":[{"href":"http:\/\/rotary-reimsgrandjeu.org\/index.php?rest_route=%2Fwp%2Fv2%2Fmedia&parent=141"}],"curies":[{"name":"wp","href":"https:\/\/api.w.org\/{rel}","templated":true}]}}